actors of b?
3
Let p be (60/7)/(2/14). Suppose -m + 2*w - 3*w = 2, -4*m + 2*w + 4 = 0. Suppose -3*b + 5*c + 96 = m, p = 2*b + c - 3*c. List the prime factors of b.
3
Let k be (4 - (-2 - -3)) + 3. Suppose -4*v + 12 = -4*f, -4*f = 2*v - 0*f - k. Suppose 3*j + 2 - 8 = 0, -v*y = -5*j - 53. What are the prime factors of y?
3, 7
Suppose -20*d + 2889 + 1131 = 0. List the prime factors of d.
3, 67
What are the prime factors of (107 + -1)/(7*(-3)/(-21))?
2, 53
Let x(z) = -z - 8. Let g be x(-10). Suppose -1 = -d + 2*u, u = -g*d + 6*u. Suppose 0 = d*i + c - 183, -4*i - 2*c + 118 = -32. What are the prime factors of i?
2, 3
Let d(i) = -i**2 - 17*i - 2. Let t be d(-8). What are the prime factors of -4 - -7 - (-3 - t)?
2, 19
What are the prime factors of (-7287)/(-14) + 1/2?
521
Suppose -3*o - 2796 = -2*n, -5*n + 5*o - 4213 = -8*n. What are the prime factors of n?
3, 467
Suppose -218*c - 38142 = -244*c. List the prime factors of c.
3, 163
Let n(d) = -7*d + 2. Let u be (-32)/3 + 4/6. Let a be n(u). Suppose 2*t = -t + a. List the prime factors of t.
2, 3
Suppose 478 + 304 = 2*g. List the prime factors of g.
17, 23
Suppose 0 = -3*r + 6, w + r - 126 = 179. What are the prime factors of w?
3, 101
Let m(f) be the third derivative of f**4/12 + 5*f**3/6 - 3*f**2. Let a be m(-4). What are the prime factors of 17/(-2)*(a + 1)?
17
Let p = 3 - -6. Let a be 38/p + 22/(-99). Suppose -6*c + a*c + 112 = 0. List the prime factors of c.
2, 7
Let i(v) = -v**3 - 15*v**2 + 16*v + 3. Let n be i(-16). Let f(k) = 5*k**2 - k - 1. Let y be f(-5). What are the prime factors of (y/(-6) - n)*-2?
7
What are the prime factors of (543 - (7 + 1)) + 0 + 1?
2, 67
Suppose 69 = 4*n + 13. Let t = 125 - n. List the prime factors of t.
3, 37
Let b = 4187 + 1622. Let s = 8689 - b. What are the prime factors of s/63 + 2/7?
2, 23
Let s = -1 - -3. Suppose s*v = 4*q + 20, -3 + 18 = -3*q + 4*v. List the prime factors of (212/(-2))/(10/q).
53
Let i(p) = 9*p**3 - 12*p**2 + 6*p - 3. Let q be i(5). Suppose -q = -3*b - b. List the prime factors of b.
3, 71
Suppose 45 - 9 = 9*q. Suppose 14*f - 2280 = q*f. List the prime factors of f.
2, 3, 19
Let o(y) = 159*y**2 - 21*y + 14. List the prime factors of o(-4).
2, 1321
Let n = 21 + -27. Let c(p) = 6*p**2 - 2*p + 6. What are the prime factors of c(n)?
2, 3, 13
Suppose -h - 4*h - 5 = 0, 0 = 5*j + 3*h - 872. Suppose -5*c = -2*w - 0*w + j, -2*c - 2*w - 56 = 0. Let y = c - -65. List the prime factors of y.
2
Let q = 6386 - 3006. List the prime factors of q.
2, 5, 13
Let w be 4/(-12) - 38/3. Let s = w - -58. Suppose -4*z + 47 = -s. List the prime factors of z.
23
Suppose 2*t = -5*v - 305, 4*v = 5*v - t + 54. Let f = -122 - v. List the prime factors of (-2)/(-9) + (-1057)/f.
17
Let y = -14 - -8. Let f(z) = 2*z**3 + 4*z**2 + 5*z**2 - 8 - 2*z - 3*z**2 - z**3. List the prime factors of f(y).
2
Let b be (40/20)/((-2)/(-3)). What are the prime factors of -1*(-162 - b) + 2?
167
Suppose 0*j = 7*j + 5859. List the prime factors of j/(-12) + (-2)/(-8).
2, 5, 7
Suppose 3*f - 7*f + 496 = 0. Suppose s - 93 - 51 = b, f = s + 3*b. Suppose 4*o - s = j, -2*o - 5*j = 3*o - 155. What are the prime factors of o?
2, 17
Suppose 368 = -163*v + 171*v. Let g = 11 + 9. Let d = v + g. What are the prime factors of d?
2, 3, 11
What are the prime factors of (-11 - -22) + 0 - -324?
5, 67
Suppose q + 5*k = 2*q - 79, 4*q - 268 = -4*k. Let y = q + -27. Suppose -4*c = 4*j - 88, -j - c - 4*c + y = 0. List the prime factors of j.
17
Suppose 20*c + 4*n - 1064 = 16*c, 0 = 2*c - 2*n - 548. List the prime factors of c.
2, 3, 5
Let k(o) be the third derivative of -o**6/120 - 11*o**5/60 - 3*o**4/8 + 2*o**3 - 10*o**2. List the prime factors of k(-10).
2
Let n(j) be the second derivative of 13*j**4/12 - 2*j**3/3 - 3*j**2/2 - 6*j. Let x be n(4). Let i = 266 - x. List the prime factors of i.
7, 11
Suppose -2*w + 2290 = 4*q + 8934, -4*q + 4*w = 6632. List the prime factors of 2/((-8)/q*30/24).
2, 83
Suppose -73701 = -38*j - 1197. List the prime factors of j.
2, 3, 53
Let b be 3*(1 + 4/3). Suppose k - b = -3. Suppose -k*z + 90 - 22 = 0. What are the prime factors of z?
17
Let u be ((-945)/(-3))/5 + 4. Let a = u - 39. List the prime factors of a.
2, 7
Let m(y) = -y**2 - 11*y - 34. Let i be m(-6). Suppose -3*x = 4*c - 314, 0 = 3*x - 4*c - 386 + 40. List the prime factors of (-1)/(-2) - x/i.
2, 7
What are the prime factors of 136202/205 - (-4)/(-10)?
2, 83
Suppose -2038 = -9*a + 3236. List the prime factors of a.
2, 293
Suppose 3*n - 2842 = -2*g, 2*g = -4*n + 1626 + 2166. What are the prime factors of n?
2, 5, 19
Suppose 0 - 2 = 2*c. Let q(m) = 60*m**2 - 3*m - 2. List the prime factors of q(c).
61
Let z be (-1)/(-3) + 1128/18. Suppose -g - 5*q + 21 + 46 = 0, g + 4*q - z = 0. What are the prime factors of g?
47
Let t(w) = -4*w + 7. Let i be t(-2). What are the prime factors of (4 + (-102)/i)*1*-5?
2, 7
Let a = 8 - 8. Suppose a = -i + 137 - 45. Suppose 5*q - i - 3 = 0. List the prime factors of q.
19
List the prime factors of (-10896)/(-14) - 26/91.
2, 389
Let y be (111/21 - 2) + (-12)/42. Suppose 0 = y*l - 2*l - 56. What are the prime factors of l?
2, 7
Let w be 0 + -1*(168 + -1). Let u = w + 256. What are the prime factors of u?
89
Suppose 5*u + s - 141 - 2851 = 0, 5*u + 3*s - 2986 = 0. List the prime factors of u.
599
Let n(q) = -q**3 - 6*q**2 - 3*q. Let u be n(-6). Let d = 156 - 140. Let s = u - d. What are the prime factors of s?
2
Suppose 68 = -2*y - 0*y. Let i = y - -54. Let t(w) = -w**3 + 20*w**2 + w + 12. What are the prime factors of t(i)?
2
Let n = 850 - -1126. What are the prime factors of n?
2, 13, 19
Let w(a) = -2 + 10 - 2 + a - 3. Let z be w(3). Let m(l) = -l**2 + 7*l. What are the prime factors of m(z)?
2, 3
Let b be (-12 - -19) + 6/(-2). What are the prime factors of 583/5 + (-72)/20 + b?
3, 13
Let u be (-27)/18 - (-158)/(-4). Let z = -17 - u. What are the prime factors of z?
2, 3
Suppose -3*b - 9*l + 1434 = -14*l, -478 = -b + 3*l. List the prime factors of b.
2, 239
Let d be -55 + 0/5 + 0. Let c = d + 87. List the prime factors of c.
2
Let z(p) be the second derivative of 7*p**5/10 + p**4/12 + 4*p. What are the prime factors of z(1)?
3, 5
Let i(x) = 4*x**2 + 5*x + 15. List the prime factors of i(-3).
2, 3
Let o(p) = -p**2 + 4. Let d be o(-3). Let m(z) = -z**3 - 3*z**2 - 5*z + 17. List the prime factors of m(d).
2, 23
Let m(p) = 163*p**2 - 4*p - 8. List the prime factors of m(6).
2, 1459
Let j(c) = -c**3 - 15*c**2 + 4*c + 18. Let w be j(-16). Suppose -20 = -5*a + w. List the prime factors of a.
2, 23
List the prime factors of ((-1075)/(-10) - -1)*2.
7, 31
Suppose -22*d + 26*d = 0. Suppose -4*p + 482 - 50 = d. List the prime factors of p.
2, 3
Suppose 1 = -4*n + 17. Suppose 6 = n*o + 26, 3*x = -o + 28. List the prime factors of x.
11
Let u(a) = a**2 - 4. Let x be u(5). Suppose 37 = 4*n + x. Suppose 0*z - 200 = -4*z + n*y, -2*z + 95 = -y. List the prime factors of z.
3, 5
Let l be 3 - (-2)/((-2)/115). Let y be -5 - -1 - (-12 - l). List the prime factors of 6/(((-108)/y)/9).
2, 13
Let q be 4/((-4)/9) + 0. Let z = 9 + q. Suppose -5*w = -j - 116, z = 2*w + j + 2*j - 43. What are the prime factors of w?
23
Suppose 2*c - 2*v = 68, -3*v + 4 = -5*v. Suppose -5*k = -9*k - c. List the prime factors of k + 4 + 39 + 2.
37
Suppose 0 = -0*o - 4*o + 384. Let y = 16 + -13. Suppose y*s = 3*r + o, -5*r + 8 = s - 24. List the prime factors of s.
2
Let v = -146 - -394. List the prime factors of v.
2, 31
Let h(i) = -i**3 - 68*i**2 - 3 + 10*i + 77*i**2 - 5. Let j be h(10). Let v = 21 + j. What are the prime factors of v?
13
Suppose 2*y + 0*y - 9 = -3*v, 2*y - 2*v + 6 = 0. Suppose y = -3*m - 2*m + 10. Suppose 102 = m*p - 0*p. What are the prime factors of p?
3, 17
List the prime factors of (-11 + 12)/(1/454).
2, 227
Suppose 4*j - 55 = -4*u + 1, -3*j = -5*u - 58. Suppose -4 - j = -t. Let n = t + 0. List the prime factors of n.
2, 5
Suppose 0 = -4*y - 20, 2*y + 15 = -2*p - 19. Let z be ((-4)/p)/(2/12). Suppose -2*i = -a - 23, 5*i + z*a - 69 = 2. List the prime factors of i.
13
Suppose 5*i - i - 344 = 0. Suppose 1 + 8 = o. Suppose 5*h - i = o. What are the prime factors of h?
19
Let u = 52 - -67. What are the prime factors of u?
7, 17
Let j = -14 + 2. Let a be 4/16 + (-33)/j. Suppose -41 - 21 = -a*t - 4*x, 0 = t + 5*x - 17. 